+ 5 + (1 - 0) - (2917 + -2939).
-69
What is the value of 21 + -22 - (-102 - -69)?
32
Calculate (-30 - -2 - -10) + (-51 - -13).
-56
Evaluate 48 - 0 - (-4 + -61 + 64).
49
Calculate 0 + 2 + -36 + 129 + 8 + -125.
-22
Evaluate 27 - ((130 - (-6 - -38)) + 0).
-71
(49 - (68 - 8)) + (13 - -39 - (1 + 1))
39
What is the value of 20 + -206 + 76 - -54?
-56
Calculate 35 - ((0 - -18) + (42 - 47)).
22
What is -45 - -56 - 17 - -104?
98
What is -5 + (-3 + 1 - (-281 - -269)) + (62 - -1)?
68
Evaluate (0 - 32 - (87 + -102)) + -12.
-29
Evaluate (4 - 22) + (-5 - 20 - -58).
15
(33 - 12) + -29 + (-4 - (2 - -49))
-63
-17 + 0 + 0 - (-124 - -109)
-2
What is -271 - -319 - (21 + 1)?
26
Calculate 19 + 7 + (-17 - (-22 - -11) - 8).
12
What is the value of 98 + 135 + -44 - 91?
98
What is 47 + 16 + (-96 - 8)?
-41
(5 - 2) + (-221 - -203) + 13
-2
What is the value of (-2 + 5 + -17 - 3) + -335 + 342 + -28?
-38
Calculate (-3 + 22 - 2) + (90 - 41 - 40).
26
What is the value of 38 + (-7 + 13 - (7 + 16))?
21
-1 - 1 - (423 - 417) - 35
-43
-8 + (0 + 0 - 4) - (-18 - 5)
11
What is -7 + (21 - (15 + -7)) - -4 - (2 - -8)?
0
Calculate (15 + (15 - (3 - -3)) - 9) + 36.
51
-49 + (-14 + -19 - -76)
-6
Calculate -6 + 2 + (15 - (10 + -37 - 22)).
60
(546 - 428) + (-13 - 22)
83
Evaluate 19 + (-19 - (5 - (9 - -2))) - (-26 - -1).
31
What is the value of -1 + -61 - (-18 + 73 + 0 + -45)?
-72
Calculate (-31 - (2 - -3)) + 21 + 41.
26
Evaluate 36 + (23 - (21 - 37 - -33)).
42
What is -1 + 5 + -12 - (-25 + 1 - 0)?
16
Calculate 0 - (-34 - ((4 - -20) + -8)).
50
Calculate 16 - (-32 + -26 + 60 + 8).
6
Evaluate (4 - -3) + 13 + (-2 - 6 - -17).
29
2 - (-2 - 10) - ((-38 - -56) + 15)
-19
Evaluate (8 - (17 + 20 - 11)) + 39 - -16.
37
Evaluate -17 - (52 + -50 - 105).
86
What is the value of 2 - ((78 - 120) + -8)?
52
What is -4 - (58 + (29 - 22) + -12)?
-57
-7 + 22 + (-11 + (1 - -3) - -13 - 14)
7
Calculate 18 + 1 + -240 + 195 + -32 + -5.
-63
Calculate 2 + (0 - -2) - (-67 + 99 - 28).
0
Evaluate 0 - 23 - (188 - 227).
16
Calculate -5 - (14 + -23 - 37).
41
1 - (8 - 16) - (-40 + 44)
5
What is the value of 33 - 14 - 21 - (-43 - (4 + -5))?
40
44 + 15 + -8 + (-1 + 1 - 7)
44
Evaluate 697 + -720 + (-34 - -4).
-53
What is -40 - 2 - (443 - 469)?
-16
What is the value of 7 - (-70 - (-2 + (-3 - 5) + 6))?
73
Calculate (19 + -109 - -93) + -32 + 0.
-29
16 - (125 - 94) - (-5 + -106)
96
Calculate -68 + 73 + (-4 - 21) + 5.
-15
-45 + (0 - 9) + 21 + -9 + -5
-47
Calculate (-96 - -11) + 10 + -1 + -16 + 8.
-84
What is the value of -18 + -7 + 20 - (-13 + 34)?
-26
-6 - (-27 + 48 + 51)
-78
Calculate -10 - ((-57 - -92) + -1 + 4).
-48
What is 25 + (-39 - 0) - (2 - -46 - (-10 + 7))?
-65
What is the value of -14 + (-8 - (-8 - 14)) + -1 + 5 + -1?
3
Evaluate -18 - (-16 + (71 - 42 - -6)).
-37
(254 - 257) + (5 - -53)
55
What is the value of (-11 - -17) + 46 + (-13 - -1)?
40
11 - -2 - (-16 - (11 - 9)) - 0
31
28 + -3 + -1 - (-25 - (-10 + -8))
31
Evaluate (135 - 1) + (-6 - (-32 + 12 + 13)).
135
Evaluate (59876 - 59919) + (116 - (2 - 1)).
72
Evaluate (29 - (52 + -66)) + -20.
23
What is 13 + 3 + 5 + (33 - 13) + -56?
-15
What is -44 + 15 + -15 + -14 - (7 - (3 + 0))?
-62
Evaluate (-3 + 37 - 27) + -2 + -8 + 5 - -60.
62
What is (0 - (9 - 5)) + -14 - 9?
-27
What is the value of -7 - -26 - (-277 + 262)?
34
What is the value of (387 + -395 - (2 + 0 + -6)) + -3 + -16?
-23
Evaluate -157 + 36 + (45 - (-24 - -67)).
-119
What is the value of 6 + 22 + 2 + -649 + 710?
91
What is the value of -13 + (36 - (4 + -35))?
54
Evaluate 200 + (94 - -29) + -245.
78
Evaluate 6 + -34 - (15 + -31 + 9).
-21
Calculate -280 + 293 - (18 - (4 - -2)).
1
What is the value of -41 + 36 - (-41 - 3) - (-15 - 1)?
55
What is the value of (-4 - (82 + -7 + 18)) + (-5 - 5 - -9)?
-98
(14 - -111) + 34 + -20
139
What is the value of -39 - -96 - ((2 - -16) + -62 + 60)?
41
What is (0 + 43 - (27 + (26 - (-13 + 76)))) + 4?
57
Calculate 43 + (-10 - (-15 - (-31 - -7))).
24
Evaluate -582 + 603 - (-5 + 7).
19
-3 + 12 + (-2 - 79 - -7) + 16
-49
1 + (-1 - -43 - (143 - 170)) + -1 + 5
74
Calculate -13 - -68 - 103 - -38.
-10
What is (-14 + 14 - 22) + -32 + 6?
-48
Calculate -158 + 180 + 2 + -46 + (-3 - -16).
-9
Calculate (13 - 51 - -20) + (-12 - (3 - 6)).
-27
9 + 3 + (-13 - -36) + -18
17
Calculate (26 - 32) + 2 + 0 + 16 - (49 + -5).
-32
What is the value of -74 + ((24 - -3) + -14 - (-5 + 0 + 12))?
-68
Evaluate (32 - (-37 + 74)) + (2 - (3 + -7)) + 1.
2
6 + 5 + -177 + -2680 + 2701
-145
What is the value of -32 - (-30 - 38) - (59 + 49)?
-72
What is the value of 516 + -549 - (5 - 63)?
25
Evaluate 18 + -27 - (-1 + (-16 - -8)).
0
Evaluate -113 - (78 + -13 + -121).
-57
Evaluate -67 + -11 + 15 + (-18 - -29).
-52
Calculate -30 - 0 - (-45 + (43 - 28) + 26).
-26
Calculate (-13 + 5 - -121) + (-8 - 5) + 2 - 3.
99
What is the value of 3 + (3 + 14 + -13 - 41) + -16?
-50
Calculate 14 - (15 - 22 - (-25 + -66)).
-70
Calculate (52 - 77 - -45) + 16.
36
Calculate 0 - 44 - (24 + -1 + (-3 - 22 - 9)).
-33
(-29 - -19) + (13 - (44 - 35))
-6
What is 128 - ((-73 - -54) + (47 - 15))?
115
What is -18 + 27 + -25 + 5 - 34?
-45
What is the value of -33 + 10 + -32 + 12 + 35?
-8
What is (6 - 37) + 70 + 0?
39
What is the value of -7 + -57 - -101 - 43?
-6
What is the value of (-10 - 11) + -7 + 11 + 13?
-4
17 + (-97 + 41 - 84)
-123
-12 + 10 + -18 + (0 - (-6 + (2 - 6)))
-10
What is the value of -173 - (70 + -131) - -147?
35
Calculate -9 - 3 - (-9 + (21 - (21 - 11)) + 3).
-17
Evaluate -1 - -53 - 113 - -115.
54
12 + (-36 - -15 - (-5 + 21))
-25
What is the value of 59 - (-33 - (-93 - -71))?
70
1 + -5 - (77 + (-76 - -12))
-17
Evaluate (1 - 15) + (51 - 32) + (-29 - -5).
-19
Calculate (-74 + -9 - -25) + 30.
-28
What is 53 + -195 - -123 - (17 + 1)?
-37
-2 - (-20 + -1) - (484 - 423)
-42
-13 + 16 + -4 - ((4 - (-11 + 9)) + -8)
1
Calculate -17 + 5 + (20 - 18) + -8.
-18
What is the value of 40 - (14 + 4 + (-16 - 12))?
50
Calculate -45 + 7 + (12 - (8 - 8)) + -12.
-38
What is the value of 101 + (-14 - ((2 - 1) + -27 + 24))?
89
What is the value of 6169 + -6196 + -15 + 0 + -2?
-44
Evaluate 92 + (-27 - -16 - -25) - (-33 - -54).
85
What is (-5 - -5) + 4 - (-21 - (-23 + 46))?
48
(11 - (-10 - (3 + -9 + -8)) - 4) + -114
-111
-25 - (20 + -10 + 10 + -14 + -2)
-29
What is the value of (1 - (14 + -4)) + 5 - (2 + (-37 - -2))?
29
Evaluate (49 + -109 - -179) + -62.
57
What is the value of (80 - -59) + -284 - -236?
91
What is -1 - 24 - (-3054 + 2999)?
30
(-67 - -250 - 301) + -1 + 40
-79
What is 56 + (-66 + 32 - -42)?
64
Evaluate 39 - (-7 + 43 + -30).
33
2 + -7 - 2 - (-148 + (165 - 15))
-9
Calculate 41 - -2 - (-233 + 301).
-25
-39 + (41 - 54) - -86
34
Calculate -46 + -8 + 68 + -52 - (-6 - 0 - 0).
-32
What is (5 - -1) + -12 + 121 - (230 - 250)?
135
What is 23 + -1 - (4764 - 4825)?
83
Evaluate 73 - (112 - 72) - -25.
58
What is the value of 12 - ((-12 - (-4 + -5)) + 13) - 31?
-29
What is the value of 32 - (-44 - (55 - 143))?
-12
Calculate (-1 + 40 - (-1015 + 1026)) + -5.
23
What is the value of 0 + ((3 - -16) + -12 + -11 - (49 - -1))?
-54
Evaluate -151 + 107 + (-1 - -3 - (-20 - -38)).
-60
What is -77 + (7 - 17) + -559 + 538?
-108
Calculate 21 - (-7 + 44) - 16.
-32
Calculate (57 - (-6 - -39)) + -38.
-14
What is the value of 4 + 1 + (-5 - (-10 + 1) - 8) + 6?
7
What is the value of (17 + -11 - -18) + 8 + 1?
33
Calculate 2 - (2 + 9) - ((-79 - -42) + 0).
28
What is -10 + ((6 + -4 - (6 + 15)) + 0 - -2)?
-27
-25 + 2 + 0 + -181 + 266
62
What is -245 + 183 - (5 + -43)?
-24
Calculate 39 - ((15 - -58) + -22).
-12
What is -63 - (53 + (-79 - -7))?
-44
What is (7 + 0 - (-12 + 95)) + (-20 + 50 - 26)?
-72
38 + (6 - (4 + -21)) + -11 + -6
44
Calculate (-117 - -50) + 75 + -58.
-50
What is 14 - ((-12 - -11) + 46) - 12?
-43
Evaluate (-18 + 25 - ((-19 - -44) + (0 - -3))) + 0.
-21
What is (-39 - -18) + 81 + -10?
50
25 - (73 + -11 - 50)
13
What is (-42 + 27 + 11 - 36) + -13?
-53
What is 8 + 44 + -81 + 19 + (2 - 17)?
-25
Evaluate 3 + -20 - (-8 - (-42 - -28)).
-23
22 + (-72 - -59) + (-22 - -3)
-10
Evaluate 604 + -742 + -5 + 34.
-109
(62 - (104 - -29)) + -20
-91
Evaluate (39 - (11 - 14)) + (2 - (-6 + 9)).
41
What is the value of (7 - 27) + (7 - 5) + (4 - -4) - 9?
-19
What is the value of (-807 - -784 - (-1 - 0)) + 82?
60
What is the value of -2151 - -2160 - (5 + 0 + -4 + 75)?
-67
-26 - ((11 - (-12 + 19)) + -48)
18
